ds digit of 16393?
3
What is the hundreds digit of 2865?
8
What is the thousands digit of 1234?
1
What is the hundreds digit of 3120?
1
What is the hundred thousands digit of 141897?
1
What is the thousands digit of 2654?
2
What is the units digit of 135?
5
What is the thousands digit of 6345?
6
What is the hundreds digit of 19615?
6
What is the thousands digit of 35083?
5
What is the tens digit of 17855?
5
What is the tens digit of 77288?
8
What is the thousands digit of 1609?
1
What is the tens digit of 5817?
1
What is the hundreds digit of 6940?
9
What is the thousands digit of 3577?
3
What is the units digit of 109380?
0
What is the units digit of 1910?
0
What is the hundreds digit of 22756?
7
What is the ten thousands digit of 76589?
7
What is the hundreds digit of 2143?
1
What is the tens digit of 6236?
3
What is the units digit of 912?
2
What is the tens digit of 730?
3
What is the hundreds digit of 15623?
6
What is the tens digit of 485?
8
What is the hundreds digit of 785?
7
What is the hundreds digit of 3716?
7
What is the thousands digit of 4455?
4
What is the tens digit of 6514?
1
What is the thousands digit of 3054?
3
What is the tens digit of 3091?
9
What is the thousands digit of 1041?
1
What is the hundreds digit of 533?
5
What is the tens digit of 896?
9
What is the units digit of 89291?
1
What is the ten thousands digit of 17958?
1
What is the thousands digit of 11895?
1
What is the units digit of 5254?
4
What is the tens digit of 40550?
5
What is the units digit of 3449?
9
What is the hundreds digit of 8632?
6
What is the units digit of 474?
4
What is the thousands digit of 1327?
1
What is the thousands digit of 25358?
5
What is the tens digit of 181?
8
What is the ten thousands digit of 15074?
1
What is the thousands digit of 27971?
7
What is the units digit of 4831?
1
What is the hundreds digit of 17406?
4
What is the thousands digit of 17415?
7
What is the units digit of 22580?
0
What is the ten thousands digit of 109371?
0
What is the tens digit of 1353?
5
What is the units digit of 42444?
4
What is the hundreds digit of 2704?
7
What is the ten thousands digit of 17205?
1
What is the units digit of 1851?
1
What is the tens digit of 9248?
4
What is the tens digit of 20140?
4
What is the hundreds digit of 3715?
7
What is the units digit of 3689?
9
What is the thousands digit of 6370?
6
What is the tens digit of 53?
5
What is the thousands digit of 50333?
0
What is the tens digit of 1357?
5
What is the tens digit of 21896?
9
What is the tens digit of 6063?
6
What is the ten thousands digit of 16650?
1
What is the hundreds digit of 365?
3
What is the tens digit of 26768?
6
What is the units digit of 379?
9
What is the thousands digit of 1520?
1
What is the thousands digit of 9803?
9
What is the tens digit of 30105?
0
What is the ten thousands digit of 42103?
4
What is the thousands digit of 6139?
6
What is the tens digit of 3668?
6
What is the hundreds digit of 758?
7
What is the hundreds digit of 3030?
0
What is the ten thousands digit of 20232?
2
What is the tens digit of 2278?
7
What is the ten thousands digit of 176587?
7
What is the thousands digit of 2203?
2
What is the hundreds digit of 3057?
0
What is the units digit of 1376?
6
What is the thousands digit of 2978?
2
What is the units digit of 3708?
8
What is the tens digit of 4138?
3
What is the hundreds digit of 1169?
1
What is the units digit of 6797?
7
What is the hundreds digit of 129914?
9
What is the hundreds digit of 748?
7
What is the hundreds digit of 23771?
7
What is the tens digit of 14333?
3
What is the units digit of 4081?
1
What is the units digit of 8804?
4
What is the units digit of 1381?
1
What is the thousands digit of 5237?
5
What is the tens digit of 180?
8
What is the tens digit of 516?
1
What is the thousands digit of 9085?
9
What is the units digit of 1495?
5
What is the thousands digit of 47487?
7
What is the thousands digit of 1792?
1
What is the ten thousands digit of 64667?
6
What is the tens digit of 4676?
7
What is the units digit of 2341?
1
What is the thousands digit of 6461?
6
What is the thousands digit of 46773?
6
What is the units digit of 3027?
7
What is the hundreds digit of 1871?
8
What is the thousands digit of 4627?
4
What is the units digit of 437?
7
What is the tens digit of 22421?
2
What is the thousands digit of 99197?
9
What is the units digit of 27744?
4
What is the hundreds digit of 10917?
9
What is the units digit of 141748?
8
What is the tens digit of 1118?
1
What is the units digit of 142358?
8
What is the tens digit of 1979?
7
What is the hundreds digit of 1566?
5
What is the units digit of 1029?
9
What is the thousands digit of 1994?
1
What is the units digit of 13798?
8
What is the tens digit of 87902?
0
What is the tens digit of 4667?
6
What is the units digit of 28861?
1
What is the ten thousands digit of 197429?
9
What is the tens digit of 1898?
9
What is the thousands digit of 3755?
3
What is the units digit of 14777?
7
What is the units digit of 147?
7
What is the tens digit of 3306?
0
What is the ten thousands digit of 13332?
1
What is the tens digit of 1098?
9
What is the units digit of 1119?
9
What is the thousands digit of 33119?
3
What is the thousands digit of 5164?
5
What is the units digit of 125?
5
What is the units digit of 261?
1
What is the units digit of 10540?
0
What is the units digit of 2334?
4
What is the tens digit of 5162?
6
What is the thousands digit of 2213?
2
What is the units digit of 987?
7
What is the thousands digit of 1637?
1
What is the thousands digit of 1000?
1
What is the tens digit of 4783?
8
What is the units digit of 5693?
3
What is the tens digit of 8593?
9
What is the thousands digit of 1141?
1
What is the units digit of 183?
3
What is the tens digit of 37908?
0
What is the units digit of 42666?
6
What is the units digit of 9?
9
What is the hundreds digit of 165?
1
What is the units digit of 1117?
7
What is the hundreds digit of 8414?
4
What is the tens digit of 53129?
2
What is the tens digit of 694?
9
What is the units digit of 760?
0
What is the units digit of 45161?
1
What is the tens digit of 1053?
5
What is the hundreds digit of 10761?
7
What is the ten thousands digit of 80708?
8
What is the thousands digit of 2434?
2
What is the units digit of 43736?
6
What is the tens digit of 33117?
1
What is the hundreds digit of 3631?
6
What is the tens digit of 3709?
0
What is the thousands digit of 8178?
8
What is the hundreds digit of 11512?
5
What is the tens digit of 55?
5
What is the hundreds digit of 4060?
0
What is the tens digit of 22994?
9
What is the tens digit of 4535?
3
What is the thousands digit of 1533?
1
What is the units digit of 416?
6
What is the thousands digit of 35900?
5
What is the hundreds digit of 95341?
3
What is the tens digit of 69242?
4
What is the thousands digit of 22824?
2
What is the tens digit of 1413?
1
What is the units digit of 1301?
1
What is the tens digit of 707?
0
What is the hundreds digit of 475?
4
What is the thousands digit of 87067?
7
What is the hundreds digit of 49914?
9
What is the tens digit of 3690?
9
What is the units digit of 357?
7
What is the tens digit of 12083?
8
What is the tens digit of 7889?
8
What is the hundreds digit of 387?
3
What is the tens digit of 2819?
1
What is the ten thousands digit of 13818?
1
What is the hundreds digit of 7320?
3
What is the hundreds digit of 14627?
6
What is the thousands digit of 5378?
5
What is the thousands digit of 11527?
1
What is the thousands digit of 55191?
5
What is the thousands digit of 52746?
2
What is the hundreds digit of 791?
7
What is the thousands digit of 1220?
1
What is the tens digit of 675?
7
What is the thousands digit of 4841?
4
What is the units digit of 4333?
3
What is the tens digit of 1140?
4
What is the units digit of 70748?
8
What is the units digit of 4519?
9
What is the units digit of 2494?
4
What is the hundreds digit of 25841?
8
What is the thousands digit of 2926?
2
What is the thousands digit of 1756?
1
What is the thousands digit of 3110?
3
What is the thousands digit of 1542?
1
What is the tens digit of 48307?
0
What is the units digit of 9420?
0
What is the hundreds digit of 435?
4
What is the tens digit of 2710?
1
What is the hundreds digit of 